 -4*p = 5*i - q, -2*p + 0*p + 12 = 4*i. Suppose 3*x = -u + 5, 0*u + u - 5*x - 37 = p. List the prime factors of u.
17
Let k(n) be the third derivative of -n**4/6 - 5*n**3/3 + 3*n**2. Let i be k(-3). Suppose i*w + 12 = -2*o + 50, 4*o = 2*w + 106. What are the prime factors of o?
2, 3
Let n be 1/(135/33 - 4). Suppose -4*j + n*j = 1029. List the prime factors of j.
3, 7
Suppose 4*j = -3*y + 297 + 31, 4*j = -8. Suppose -2*s + y = 2*s. What are the prime factors of ((-147)/s)/(3/(-28))?
7
Let v(r) = 3*r**2 - 4*r + 7. Let j be v(-5). Suppose 0 = -o - 18 + j. List the prime factors of o.
2, 3, 7
Suppose 928 = 3*h - 557. List the prime factors of h.
3, 5, 11
Let n be 88/6*(-57)/38. Let j = 22 + n. Suppose -4*x = -4*w + w + 131, j = -2*w + 4*x + 86. What are the prime factors of w?
3, 5
Suppose 6*l = -2*l + 12640. Suppose -17*w + l = -7*w. List the prime factors of w.
2, 79
What are the prime factors of (-5 - (-69)/15)/((-3)/1905)?
2, 127
Suppose -40*f = -49*f + 10530. What are the prime factors of f?
2, 3, 5, 13
Let u(j) be the second derivative of j**3/3 - 11*j**2/2 + 3*j. Let z = -13 - -28. List the prime factors of u(z).
19
Suppose 0 = 3*d + 4*o - 246, 0*d - 164 = -2*d - 5*o. Suppose 7*g - 359 = d. List the prime factors of g.
3, 7
Suppose 9*b + 1571 = 19256. List the prime factors of b.
3, 5, 131
Suppose 22*x - 394 = 20*x. Let b = 280 - x. List the prime factors of b.
83
Let t = -22 - -36. Let r = 21 - t. Let w = 65 - r. List the prime factors of w.
2, 29
Let c(f) = -f**2 + 2*f + 2 - 10 + 5*f + 1. Let o be c(5). Suppose 4*g - 3*j = 2*g + 14, 0 = -o*g + 4*j + 22. List the prime factors of g.
2, 5
Let i(y) = 5*y**2 - 9*y + 32. List the prime factors of i(7).
2, 107
Suppose 4*s - 1065 = 3*s - 2*l, -s - 3*l = -1066. List the prime factors of s.
1063
Suppose -1 = -3*b + 11. What are the prime factors of (-128)/(-5) - b/(-10)?
2, 13
Suppose -t + 3 - 4 = 4*v, 3*t = -3*v + 15. Suppose -4*u + t*u - 36 = 0. Suppose l + u = 2*l. What are the prime factors of l?
2, 3
Let b(h) = 4*h + 37. Let y be b(-10). Let a(s) = -2*s**3 + 2*s**2 + 9*s + 7. What are the prime factors of a(y)?
2, 13
Suppose -8 = 5*u + 12. Let x be (-1 + 0)/(u/12). Suppose 4*z - 160 = 4*h, z - x*h = 6*z - 192. What are the prime factors of z?
3, 13
Let b = 33 - 55. Let j be (b/14 + 2)*7. Suppose -j*o + 70 = -38. List the prime factors of o.
2, 3
Suppose -42 = -2*j - 0*j. Suppose 2*p - j = -5*k + 4, 24 = 3*p + 3*k. Suppose p*q + 0*q - 320 = 0. List the prime factors of q.
2
What are the prime factors of (60/75)/((-4)/(-10)) + 298?
2, 3, 5
Let l = -246 + 95. Let q = 234 + l. Let f = 122 - q. What are the prime factors of f?
3, 13
Suppose -q - 2*q - 651 = -2*h, -5*q = 15. List the prime factors of h.
3, 107
Let r = -101 - -101. What are the prime factors of 61 + (-3)/(-15)*r?
61
Let f(m) = 2*m - 2*m + 3*m + 3 - 11. Let y be f(5). Let z(p) = p**3 - 8*p**2 + 9*p + 6. What are the prime factors of z(y)?
2, 5
Suppose 2*k + 172 - 472 = 0. Let i be 18/(-45)*(0/3 - 5). Suppose 3*r + k = 2*d - i*r, -d + 4*r + 81 = 0. List the prime factors of d.
5, 13
Suppose -3*m + 11*m = 16. List the prime factors of (-2968)/(-48) - m/(-12).
2, 31
Suppose -n - 2*k + 516 = 0, -2*n + 5*k - 160 = -1165. Suppose 5*x + 80 = n. List the prime factors of x.
2, 43
Let d(s) = -s**3 - 2*s**2 - 7*s + 7. Let c be d(-6). Suppose -c + 19 = -2*p. Suppose 7*v = 4*v + p. List the prime factors of v.
29
Let q = -136 - -7. Let x = -40 - q. List the prime factors of x.
89
Let h(d) = d**2 + 22*d + 14. Let v be h(-19). Let z = 19 - v. What are the prime factors of z?
2, 31
Suppose 0 = z + 2*z + d - 14, -4*d + 5 = -5*z. Suppose 0*j = j + 3*u - 5, z*u = 3. List the prime factors of j.
2
Let k = -14 - -42. List the prime factors of k.
2, 7
What are the prime factors of -9 + (8 - (-12 - 2978))?
7, 61
Let k = 1170 + -410. Suppose 54*i = 59*i - k. List the prime factors of i.
2, 19
Let r(a) = -a**2 + 12*a - 1. Let p = -76 + 52. Let d be (-20)/6*p/10. List the prime factors of r(d).
31
Let y be 4/(-6) + (-28)/(-6). Suppose y*a - 120 = -5*s, -4*a + s + 104 = 2*s. What are the prime factors of a?
5
Let j(c) = 114*c**3 + c**2 - 29*c + 80. What are the prime factors of j(3)?
2, 5, 7, 11
Suppose -11 + 38 = 4*g - 3*i, 4*i = 4*g - 32. Suppose 7*z - g*z - 36 = 0. List the prime factors of z.
3
Let i(a) = -a**2 - 9*a + 7*a + 21*a + 2*a**2. Let s be i(-12). Let f = -60 - s. List the prime factors of f.
2, 3
Suppose -y + 715 = 3*u - 1358, 5*u - y - 3455 = 0. List the prime factors of u.
691
Suppose -84*g + 4068 = -80*g. List the prime factors of g.
3, 113
Suppose -8*v + 69 + 43 = 0. Suppose 21 + 35 = 4*w. What are the prime factors of 6/w - (-232)/v?
17
Suppose -4*t + d = -0*t - 21, -21 = -t - 5*d. Suppose 0 = 3*a + t, 0*a + 122 = -g - 3*a. Let w = -78 - g. List the prime factors of w.
2, 19
Let b = 1788 - 636. What are the prime factors of b?
2, 3
Suppose 0*h - 14 = 7*h. Let z(l) = -62*l - 5. Let x be z(h). Suppose x - 414 = -5*u. List the prime factors of u.
59
Let d = 2122 + -1371. What are the prime factors of d?
751
Suppose -13*i + 3998 = -3880. List the prime factors of i.
2, 3, 101
Suppose 52*z - 260 = 35984. List the prime factors of z.
17, 41
List the prime factors of (2/(-4))/(56/(-97328)).
11, 79
What are the prime factors of (55497/(-65))/((-15)/25)?
1423
Let y = -15 + 17. Suppose -3*c = y*c + b + 16, 2*c - b = -5. List the prime factors of 65 - (-9)/(c/(-1)).
2, 17
Suppose -10*p + 4 = -8*p. Suppose -p*h - 3*a + 38 = 0, -7*a + 95 = 5*h - 5*a. Suppose -37 = -3*b - 3*s - s, -3*s = b - h. What are the prime factors of b?
7
Let m be (-6198)/(-90) - (-6)/45. Suppose 3*l - 216 = -3*n, 2*l = 3*n - m - 147. List the prime factors of n.
2, 3
Let d = 0 + -21. List the prime factors of d/84 + 226/8 + 0.
2, 7
Let k = 62 - 60. List the prime factors of k*726/48 - (-2)/(-8).
2, 3, 5
Suppose 3*f + h = 538, -4*f - h - 367 = -6*f. List the prime factors of f.
181
List the prime factors of 970/2 - (-2 + 0/4).
487
Let d(z) = 5*z + 3. Let p be d(4). Let n = p - -66. What are the prime factors of n?
89
Suppose 0 = -136*j + 138*j - 6. Suppose -j*y + 7*y - 104 = 0. List the prime factors of y.
2, 13
Suppose 12 = 3*v, 7*v = -4*b + 2*v + 28. Suppose g + 5*k = 40, b*k + k + 284 = 5*g. What are the prime factors of g?
5, 11
Suppose 18036 = -739*b + 748*b. List the prime factors of b.
2, 3, 167
Let c = -303 + 1366. What are the prime factors of c?
1063
Let j(m) = 2*m**2 + 3*m - 28. Let z(p) = p - 1. Let i(t) = -j(t) + 2*z(t). List the prime factors of i(0).
2, 13
Suppose 17*t + 10 = 18*t. Suppose 0 = 2*i, 2*r + 2*i - 10 - t = 0. List the prime factors of r.
2, 5
Let y = 36 - 33. Suppose -2*u - 97 = -y*u. List the prime factors of u.
97
What are the prime factors of (-26)/104 - 11961/(-4)?
2, 5, 13, 23
Let i = -4 - -6. Suppose -3*s - 127 = -i*s. List the prime factors of 20/(-50) - s/5.
5
Suppose 2*i = -i - 87. Let b = i - -75. List the prime factors of b.
2, 23
What are the prime factors of ((-1)/(-3))/(28/317856)?
2, 11, 43
Let m be 1*(-2 - 1)*1. Let k(i) = 17*i**2 + 4*i - 4. Let u be k(m). Suppose -4*l + 99 = -u. List the prime factors of l.
59
Suppose u + 5*s - 2248 = 2*s, -3*u + 6757 = -4*s. What are the prime factors of u?
2251
Suppose 55 + 510 = 5*k. Suppose 806 = 7*c + k. List the prime factors of c.
3, 11
Let d(t) = 10*t - 5 - 4*t + 0*t**2 - 2*t**2 - 3*t. Let l be d(7). Let b = l - -116. What are the prime factors of b?
2, 17
Let r = 2 + 4. Let y = r + 13. What are the prime factors of y?
19
Let h(m) = 31*m - 19. What are the prime factors of h(10)?
3, 97
Suppose 21*b - 12198 = -2097. What are the prime factors of b?
13, 37
Suppose 2*i - 199 = 5*w, 224 = 5*i + w - 341. Suppose 2*y + 116 + i = 0. List the prime factors of 6/4*y/(-9).
19
List the prime factors of 708 + 2*35/(-14).
19, 37
Suppose -331 - 460 = -g. What are the prime factors of g?
7, 113
Let f = 199 - 162. What are the prime factors of f?
37
Suppose 2949 = 3*l - f, 2*f = 15*l - 20*l + 4915. List the prime factors of l.
983
Suppose -2*j - 8 = -12. Suppose x = -2*t + t + 52, -j*t + 275 = 5*x. List the prime factors of x.
3, 19
Let f be (20/(-16))/(2/(-8)). Suppose -4*o + f*b - 5 = o, -2*o = -5*b + 5. Suppose -x = -o*x - 35. List the prime factors of x.
5, 7
Let h be (-1483)/(-7) + (-6)/(-42). Suppose